ommon divisor of w and 741.
39
Suppose -l + 81 + 70 = 2*k, -4*l - 3*k = -594. What is the greatest common factor of 21 and l?
21
Let w(f) = 5*f**2 - 25*f - 36. Let y be w(11). Calculate the highest common factor of 12 and y.
6
Let l(d) = -10*d - 2*d**2 + 6*d**3 - 9 - 4*d**3 - d**3. Let t be l(5). Calculate the highest common divisor of 2 and t.
2
Suppose -2*x = -x. Let k be ((-33)/(-9) - 1)*3. Let m be k - 6 - (-2 - x). What is the greatest common factor of 2 and m?
2
Suppose c + p - 44 = 721, -3*p = -c + 773. Calculate the greatest common divisor of 26 and c.
13
Suppose -480 = 551*d - 559*d. Calculate the highest common divisor of d and 18.
6
Let h(n) = -n**2 + 7*n - 21. Let z be h(4). Let a be (z/(-3) - -11)*1. Calculate the highest common divisor of 84 and a.
14
Suppose 60 = -t + 4*t. Suppose -t = y - 6*y. Suppose -5*b + q + 101 = 0, -q = -y*b - 0*q + 81. What is the highest common factor of b and 50?
10
Let r = 1007 - 995. Calculate the greatest common factor of 246 and r.
6
Let r = 5 - 3. Let s(j) = j**3 - 2*j - 1. Let n be s(r). Suppose 0 = -n*q + 4*q - 8. What is the greatest common factor of q and 8?
8
Let o be (-12)/48*19*8*-1. Calculate the highest common divisor of o and 152.
38
Let c(f) be the third derivative of f**5/60 + f**4/24 - 2*f**3/3 - 7*f**2. Let v be c(3). Suppose -h = v - 148. What is the highest common factor of h and 28?
28
Let y(u) = -5*u + 9. Let i be y(1). Let m be 64 - ((-6)/i)/((-3)/2). Let n be 1/(-4) - (-29)/4. What is the greatest common factor of n and m?
7
Let l be (-439)/5 - 2/10. Let k = l + 125. Let m = 62 - k. Calculate the greatest common factor of 5 and m.
5
Suppose 4*s - 1 = 3*t, 0 = -5*s - t + 6. Let w be 14/1 - (s - 1). Suppose -15*n - 507 = -2397. Calculate the greatest common divisor of n and w.
14
Suppose 12*r = 8*r + 576. What is the greatest common divisor of r and 27?
9
Suppose -104*k - 623 = -2287. Suppose 0 = -2*s - 0*s + 16. What is the highest common factor of s and k?
8
Let s = 678 + -675. Calculate the greatest common factor of s and 5.
1
Let p be 0 + 1 + 2 + -1. Suppose 291 = p*s + 53. Let d = -83 + s. What is the greatest common factor of d and 9?
9
Let p be 6/(-66) + ((-4320)/22)/(-4). What is the greatest common factor of 98 and p?
49
Let i = 18 + 103. Calculate the greatest common factor of 11 and i.
11
Suppose 261 = 86*u - 27517. Calculate the highest common divisor of 34 and u.
17
Suppose 3*q + 20 = 8*l - 7*l, 88 = 5*l - 3*q. Suppose 0*d + d = 85. Calculate the greatest common factor of l and d.
17
Suppose 0 = 2*x + 2*l - 60, 6 - 3 = l. What is the greatest common factor of 2 and x?
1
Suppose 18 = -25*t + 26*t. What is the greatest common divisor of t and 45?
9
Let t(g) = -g + 2. Let d be t(2). Let z(c) = -c**3 - c**2 + c - 3. Let q be z(d). Let r be ((-6)/2 - q) + 3. What is the greatest common factor of r and 33?
3
Suppose 54*w - 2883 = 23*w. What is the highest common divisor of w and 93?
93
Suppose -32 = -3*f + 4*d, 3 = 3*f - 3*d - 33. Suppose 11*k - 160 = 9*k. What is the greatest common divisor of f and k?
16
Suppose 4*w - 1113 = -u, w - 3*w = -3*u + 3367. Calculate the greatest common factor of 38 and u.
19
Suppose -257 = -5*o - t, 0 = -5*o - t + 5*t + 272. Let m = o + -43. What is the highest common factor of m and 1?
1
Let w(c) = -36*c**2 + 2*c + 7. Let i(p) = -p**2 - 1. Let q(u) = -6*i(u) - w(u). Let b be q(-2). What is the highest common factor of 19 and b?
19
Suppose 0*w = -3*w + 5*o + 27, 0 = -2*w + 4*o + 18. Let m be 56 - (-7 - -5)*-10. What is the highest common divisor of w and m?
9
Let g(z) = -z**3 + 21*z**2 - 67*z + 11. Let y be g(17). Calculate the greatest common divisor of y and 112.
28
Let r be 0/((-9)/3 + 2). Suppose -m - n = -r - 25, -75 = -3*m - 5*n. Let t(x) = -23*x + 14. Let f be t(-7). Calculate the highest common divisor of m and f.
25
Let x be (78/(-9))/1*-3. Suppose -5*y = 5*d - 335, -199 = -3*y - d - d. Calculate the greatest common factor of y and x.
13
Suppose 5*t - 1000 = -0*t. What is the greatest common divisor of t and 25?
25
Let s be 13 + 7912/24 + 2/(-3). What is the highest common divisor of 19 and s?
19
Let n(a) = -2*a - 19. Suppose 2*t = -0*t - 22. Let s be n(t). What is the highest common factor of 1 and s?
1
Let m = -64 - -92. Suppose -3*g = w - m, 3*w = 5*g + 17 - 45. Calculate the greatest common factor of 128 and g.
8
Let u(p) = p**3 - 4*p**2 + p + 10. Let h be u(4). Calculate the greatest common divisor of h and 1554.
14
Let x = 23 - 5. Suppose -27*r + 3437 = -451. What is the greatest common factor of r and x?
18
Let s be ((-10)/5)/((-2)/(-164)). Let d = s - -244. Let f be (-4)/(15/8 - 2). What is the greatest common factor of d and f?
16
Let d(r) = 2*r - 5. Let l be d(4). Let k(q) = 6*q - 13. Let p be k(4). Let b = p - l. What is the highest common divisor of b and 8?
8
Suppose -q + 8 = 2*l, -3*q = 5*l - 8*q - 35. Suppose -2*k + 76 = 5*x, -l*k + x + 3*x + 157 = 0. Calculate the greatest common divisor of 22 and k.
11
Suppose -143*c + 4750 = -124*c. What is the highest common divisor of 10 and c?
10
Let w(q) = -5*q**2 + 60*q - 3. Let a be w(10). Calculate the greatest common factor of 679 and a.
97
Let k(u) = -6*u + 4. Let c be k(-3). Suppose y = 6*y + 1160. Let h = -144 - y. What is the highest common divisor of h and c?
22
Suppose 0 = -2*o + 2*p - 6, 3 - 17 = -2*o - 2*p. Suppose -4*k = 5*r - 136, 4*k - 110 = -4*r + o*k. What is the highest common divisor of r and 7?
7
Let y = -28 + 74. What is the greatest common factor of 736 and y?
46
Let y be -1*(0 - (10 + 0)). Let w(u) = -u**3 + 2*u**2 + 11*u + 5. Let b be w(0). Calculate the highest common divisor of b and y.
5
Let g = -1227 + 1242. What is the highest common divisor of 1875 and g?
15
Let o = 18 - -2. Suppose -4*s + 9*s = o. Suppose -6*f + 38 = -s*f. What is the greatest common factor of f and 57?
19
Let v(r) = -r**3 + 16*r**2 + 4*r + 5. Let y be v(16). Suppose 4*l - 28 = 4*t, -7 = 5*l + 4*t - y. Calculate the greatest common divisor of l and 4.
2
Let r be 138/52*12 - (-6)/39. Calculate the highest common factor of 68 and r.
4
Suppose a + 2*a + 4*c - 25 = 0, c + 8 = 4*a. Let z(p) = -p + 12. Let m be z(3). Suppose 9*y - 6*y = m. Calculate the highest common factor of y and a.
3
Suppose -2738*t + 304 = -2719*t. What is the greatest common divisor of t and 68?
4
Let u = -36 + 18. Suppose 0 = h - 3*w + 57, 5*w - 58 = h - 3. Let q be h/(3 + u/4). What is the greatest common divisor of 5 and q?
5
Let t be (-12)/(-9)*3/2. Suppose 0 = -5*x, -t*p + 2*x = -32 + 2. What is the greatest common factor of 9 and p?
3
Let t(o) = 13*o**3 + 3*o**2 - o + 8. Let s be t(-3). Let f = -192 - s. What is the greatest common factor of f and 11?
11
Let p be 25824/30 + 6/30. What is the greatest common divisor of 123 and p?
123
Suppose -22 + 52 = -2*h. Let g = 29 + h. What is the greatest common divisor of g and 70?
14
Let s = -1 + -6. Let x be ((-48)/(-21) + 2)*s. Let r be (-1788)/x - (-4)/10. What is the greatest common factor of 40 and r?
20
Let l be (-5)/(10/6) + 152/8. What is the greatest common divisor of l and 20?
4
Suppose -56 - 1462 = -23*l. What is the highest common factor of l and 44?
22
Suppose -3*r = 588 - 1428. What is the greatest common divisor of 120 and r?
40
Suppose -372 = 27*v - 33*v. Let p = v - 54. What is the highest common divisor of 24 and p?
8
Suppose 207 = 5*b - 4*s, 0*s + 141 = 4*b + 5*s. Suppose 6*h - 41 = 4*h + 3*k, 2*h - k - 31 = 0. What is the highest common factor of h and b?
13
Let q(m) = 4*m + 6. Let y be q(9). Suppose 2*p + 2*p + y = 3*k, -65 = -5*k + 5*p. Calculate the highest common factor of k and 50.
10
Suppose 14 = -9*y + 14*y + 4*k, -3*k = 5*y - 18. What is the highest common divisor of y and 267?
3
Suppose -95 - 17 = -4*q. Calculate the greatest common divisor of q and 7.
7
Suppose 3*o = -f - 106, 0*f = f - 4*o + 71. Let x be (-12)/36 - f/3. What is the highest common divisor of 75 and x?
15
Let q = 107 - 124. Let b = 125 + q. What is the highest common factor of 24 and b?
12
Suppose -4*b - 3*r + 122 = -19, 5*b + r = 179. Let y = 17 + 7. Let k be 2 + -3 + (y - -1). What is the highest common divisor of b and k?
12
Suppose 18*j = j + 3264. Calculate the highest common divisor of 144 and j.
48
Suppose -v - 3*v = 0. Suppose v = -2*t + 97 + 23. Let p be (-6)